4)/2.
10
Let c(s) = -51*s + 43. Calculate the remainder when 148 is divided by c(0).
19
Suppose -2 = -k - 4*b - 7, -2*k - 5*b - 1 = 0. Let r be (4 - 0) + 52 - -4. Let y = 87 - r. What is the remainder when y is divided by k?
6
Suppose -5*z - 21 = -156. Let v = z + 55. Suppose 0 = 5*o + 15, 4*p - o + 5*o - 100 = 0. What is the remainder when v is divided by p?
26
Let v(r) = 5*r**2 - 3*r - 2. What is the remainder when v(-5) is divided by ((-1120)/(-120))/(8/24)?
26
Suppose 0 = -4*p - 3*y + 302, -5*p - y + 134 + 238 = 0. Calculate the remainder when p is divided by 21.
11
Let o be 28/((-4)/(-2) - (8 + -7)). Suppose 3*w + o = 2*v, 3*v - w = 36 + 13. Calculate the remainder when 30 is divided by v.
13
Let c be 260/(-35) - 8/14. Let d(m) = 6*m - 10. What is the remainder when d(7) is divided by (-3)/((-12)/c) + 13?
10
Suppose -22*q = -12*q - 320. What is the remainder when 445 is divided by q?
29
Let y = 120 + -70. Calculate the remainder when y is divided by 20.
10
Let o = -7 - -24. Let m(r) = r**2 - 15*r + 6. What is the remainder when m(o) is divided by 21?
19
Suppose 4*c - 3104 = -4*p, 2*p = -2*c + 3*p + 1564. Suppose 0 = 4*q - 9*q + c. Suppose 4*i + q = 8*i. Calculate the remainder when i is divided by 21.
18
Let u = -11 - -13. Suppose u*m - 6*m - 2*g = -154, 3*m + 2*g = 116. Let f = m + -30. Calculate the remainder when 39 is divided by f.
7
Let n(h) = -h**3 + 22*h**2 - h + 33. Calculate the remainder when n(17) is divided by 133.
131
Suppose 53 = -3*m - 19. Let h = -16 - m. Suppose -69 = -2*v - v. Calculate the remainder when v is divided by h.
7
Suppose -2*l + 6 = -0*l. Suppose 23 = 3*m - d, -m + 4*d = l*d - 9. Suppose -11*q = -132 - 77. What is the remainder when q is divided by m?
5
Let w be 34/(-4 + 2 + 4). Suppose -19*z = -w*z + 12. What is the remainder when 19 is divided by (-15)/z*(-56)/(-20)?
5
Suppose 0 = -5*o + 2*g + 14 + 11, 3*o = -4*g - 11. Let h be (-6)/(o + -1) - -14. Let x = -3 + h. Calculate the remainder when 13 is divided by x.
5
Let q(l) = -l**3 + 13*l**2 - l + 15. Let y be q(13). Suppose 12 = y*c + 2. What is the remainder when 23 is divided by c?
3
Let y(o) = -o**2 + 15*o - 10. Suppose -i - 9 = -2*i. Calculate the remainder when y(i) is divided by 16.
12
Let p = 129 + -25. Calculate the remainder when p is divided by 27.
23
Let s(c) be the first derivative of 54*c**3 + 2*c**2 - 4*c + 4. What is the remainder when s(1) is divided by 55?
52
Suppose 122 + 118 = 4*g. What is the remainder when g is divided by 16?
12
Let o = 1934 - 1914. Suppose -5*x + 0*g - g + 355 = 0, -2*x + 139 = g. Calculate the remainder when x is divided by o.
12
Let a(j) = 56*j + 333. Calculate the remainder when 170 is divided by a(-5).
11
Let y be (8/12 - -4)/((-2)/6). Let t = y - -20. What is the remainder when 27 is divided by t?
3
What is the remainder when 18 is divided by 13 + -3 + 0 + 1?
7
Let d = -417 - -462. What is the remainder when d is divided by 23?
22
Suppose 2*l + 4*q - 22 = l, 21 = -2*l + 5*q. Let x(h) = -16 + 10*h - h**3 - 8*h**2 + l*h**3 + 0*h + h. What is the remainder when 32 is divided by x(7)?
8
Suppose -x - 3 = 0, 3*i - 24*x = -22*x + 1194. Calculate the remainder when i is divided by 25.
21
Suppose -3*d = -4*s + 852, -2*d - 575 = -0*d - 5*s. Let p = d + 489. What is the remainder when p is divided by 21?
20
Let y = 33 - -105. Suppose -5*w + y + 97 = 0. Calculate the remainder when w is divided by 4.
3
Let d = -486 - -626. Calculate the remainder when d is divided by 47.
46
Let j = 144 - 85. What is the remainder when 350 is divided by j?
55
Suppose -5*u - 16 = x, -3*x - 3*u + 4 = x. Calculate the remainder when 1/3*78 - 7 is divided by x.
3
Suppose 2*s + 5*n - 267 = 0, -3*n - 2*n = -15. Calculate the remainder when 7 is divided by (-28)/s + ((-56)/(-9) - 0).
1
Let q be (-2 - -1)*(0 - -2). What is the remainder when q/6*(0 - 141) is divided by ((-2)/(-7) + (-64)/(-21))*14220/1975?
23
Let u = -7 - -13. Suppose -4*j = -j - 3*n - u, 0 = -5*j - n + 34. Calculate the remainder when 6/(-9)*-1 + 258/18 is divided by j.
3
Suppose 5*a - 13*a = 328. Let q = 61 + a. Calculate the remainder when 59 is divided by q.
19
Let k = -43 + 114. Suppose 2*d + d = 186. Suppose -4*a + d = 2*x, -a - 6*x + 13 = -5*x. What is the remainder when k is divided by a?
17
Let p = 688 - 468. Suppose 13*l - 9*l - p = 0. Calculate the remainder when l is divided by 28.
27
Let p(k) = -23*k + 1. Suppose -36 = -22*c + 21*c + 4*r, -3*r = -3*c + 63. What is the remainder when p(-2) is divided by c?
15
Calculate the remainder when (-20 - -1368)*1/2 is divided by 45.
44
Calculate the remainder when 3/(-12)*59*(-68)/17 is divided by 20.
19
Suppose 2*l - 5*v = 47 + 101, 4*l - 3*v = 324. Suppose 28 = -l*d + 88*d. What is the remainder when 25 is divided by d?
4
What is the remainder when 3228/26 - 126/819 is divided by 3?
1
Let y = 36 + -28. Let q = 2 + y. What is the remainder when 39 is divided by q?
9
Let y(w) = -w**3 - 3*w**2 + 39*w + 14. Calculate the remainder when 77 is divided by y(-8).
11
Calculate the remainder when 1218/7 + -1 + 4 is divided by 9.
6
Let z be 36/30*(-10)/3. Suppose -2*y - 58 = -4*y. What is the remainder when y is divided by -2*-11*(-2)/z?
7
Let q = -73 + 57. Let v(c) = -2*c**2 - 33*c - 1. What is the remainder when 132 is divided by v(q)?
12
Suppose 98 = -2*o + 2*w - 0*w, -2*o - 2*w - 94 = 0. What is the remainder when 57 is divided by (-992)/o - ((-1)/3 - 0)?
15
Let y(n) = -n**3 - n**2 - 2*n + 7. Suppose 3*q = -4*b - 2 + 11, 3*b - 3*q + 9 = 0. Calculate the remainder when y(b) is divided by 2.
1
Suppose -2*p + 9*p = -280. Let j = 60 + p. What is the remainder when 1146/15 + 9/15 is divided by j?
17
Let u(g) = -g**2 - 13*g - 2. Let d be u(-11). Let f = 42 + -13. What is the remainder when f is divided by 3/(-1 - (-26)/d)?
9
Suppose -2*l + 37 = -v, -3*l + 2*l + 4*v + 36 = 0. Let d = 301 + -238. Calculate the remainder when d is divided by l.
15
Suppose 5*k + 17*z - 376 = 14*z, 216 = 3*k - 3*z. What is the remainder when k is divided by 7?
4
Let k be -3*(-1)/(-6)*0. Suppose k = -5*w + 4 + 56. What is the remainder when 23 is divided by w?
11
Let c(u) = -4*u**2 + 3*u + 71. What is the remainder when c(0) is divided by 38?
33
Let d = -297 + 369. Calculate the remainder when d is divided by 25.
22
Suppose 0 = 137*r - 138*r + 9. Calculate the remainder when 102 is divided by r.
3
Suppose 2*r - 33 = r. Let n = r - 23. Calculate the remainder when (-11 + 17 - (-125)/(-10))*(-7 - -1) is divided by n.
9
Let q(b) = -2*b**3 - 3*b**2 - 4*b + 1. Let z be (12/(-3))/(-2) + (-4)/1. What is the remainder when q(z) is divided by 7?
6
Suppose -7*y = r - 8*y - 8, -25 = -4*r - 3*y. Let u(v) = -v. What is the remainder when r is divided by u(-2)?
1
Suppose 3*k = 2*j - 5, 4*k - 4 - 4 = -j. Let g(s) = 4*s**2 + 5*s - 1. Calculate the remainder when g(-4) is divided by j.
3
Let c = 283 + -187. Calculate the remainder when c is divided by 47.
2
Let j(g) = 28*g**2 + 4*g - 10. Let m(c) = 19*c**2 + 3*c - 7. Let n(q) = 5*j(q) - 7*m(q). Calculate the remainder when 12 - (1 - (-1 - -2)) is divided by n(-1).
5
Let k = 1772 + -1755. What is the remainder when 235 is divided by k?
14
Let i = -197 - -456. Suppose -5*p + o + i = 0, 3*p + 3*o = 8*p - 267. What is the remainder when p is divided by 12?
3
Let c(r) = -r**3 + 13*r**2 + 10*r - 56. Calculate the remainder when c(13) is divided by (-27 - (-1 + 0))/(-1).
22
Let t be (3 + 3/(-2))/(-3)*-6. Suppose t*v - 7 = -4*v. Calculate the remainder when 7 is divided by v.
0
Suppose -5*s + 82 = 4*j, 2*s - 3*j - 11 = 8. Let u = 68 + -15. Calculate the remainder when u is divided by s.
11
Suppose -m + 0*m + 5*d + 55 = 0, m - 2*d = 52. Suppose 5*k - m = 10. Calculate the remainder when 95 is divided by k.
11
Let i(x) = -37*x - 4. Let u(z) = z - 2. Let v(f) = i(f) - 4*u(f). What is the remainder when v(-2) is divided by 29?
28
Suppose d = 4 - 2. Suppose 1 = -2*n + 5*x, d*x + 0*x = 6. Calculate the remainder when (-19)/((-1)/(-1)*-1) is divided by n.
5
Suppose 2*s + s = 465. What is the remainder when s is divided by 7/(-3 + -4)*7/((-14)/52)?
25
Let n = -76 - -102. Let a = -28 - -78. Calculate the remainder when a is divided by n.
24
Calculate the remainder when 115 is divided by (-4)/(-2) + -20 + 31.
11
Suppose 4*x - 5*x = -15. What is 